. Give k(-1).
-7
Let d(y) = -y**3 + 67*y**2 + 157*y - 6047. Determine d(68).
5
Let j(l) = -9413*l - 66409. Calculate j(-7).
-518
Let s(w) = 14*w**2 - 753*w + 8153. Calculate s(15).
8
Let b(t) = 485572*t - 1942352. Determine b(4).
-64
Let j(u) = 10*u**3 - 249*u**2 - 20*u + 1. What is j(25)?
126
Let v(m) = 40*m**2 + 101*m - 310. What is v(-7)?
943
Let o(f) = -7*f**3 - 179*f**2 + 252*f - 488. What is o(-27)?
-2
Let g(d) = -8321*d - 7996488. Determine g(-961).
-7
Let g(v) = -2646*v + 8066. Calculate g(3).
128
Let o(l) = 574*l - 1384. Calculate o(1).
-810
Let k(a) = -2*a**2 + 15159*a + 334632. Determine k(-22).
166
Let p(x) = x**2 - 314*x + 6035. What is p(20)?
155
Let q(f) = -f**2 - 54*f - 685. What is q(-40)?
-125
Let k(u) = -193*u**2 - 1762*u + 21219. Determine k(-16).
3
Let l(a) = -a**3 - 4*a**2 + 1224*a - 100. Determine l(-37).
-211
Let f(w) = w**2 - 110*w + 698. Calculate f(7).
-23
Let k(m) = -m**3 - 8*m**2 + 13*m + 498. Determine k(-8).
394
Let c(x) = -217*x + 24308. Calculate c(107).
1089
Let r(h) = h**2 - 20567*h + 554597. Give r(27).
17
Let u(o) = 11990*o + 35968. Give u(-3).
-2
Let b(x) = -1205*x + 20407. Calculate b(17).
-78
Let p(v) = 4*v**3 - 183*v**2 + 1431*v - 138. Calculate p(9).
834
Let c(l) = -2992*l + 12650. Give c(4).
682
Let i(g) = g**3 - 87*g**2 - 2811*g + 1200. What is i(112)?
-32
Let t(q) = q**3 + 7*q**2 - 19543*q - 175721. Give t(-9).
4
Let m(u) = -13*u**2 + 459*u - 3230. Give m(7).
-654
Let c(x) = 41081*x + 42030. Calculate c(-1).
949
Let i(z) = -z**3 - 104*z**2 - 1219*z - 365. Calculate i(-13).
103
Let b(j) = -457*j + 6380. Determine b(14).
-18
Let b(v) = -v**3 + 4*v**2 + 44*v - 70. Determine b(9).
-79
Let b(u) = u**3 - 50*u**2 - 4623*u + 233093. What is b(51)?
-79
Let o(f) = 8*f**2 - 585*f - 13874. Determine o(92).
18
Let k(g) = -187*g**2 - 6893*g + 23500. Calculate k(-40).
20
Let b(w) = 19*w**2 - 1317*w - 875. Determine b(70).
35
Let a(y) = -y**3 - 13*y**2 + 1543*y + 1864. What is a(34)?
-6
Let n(q) = q**3 + 94*q**2 + 2166*q + 103. Determine n(-44).
1599
Let q(g) = 44*g**2 + 18292*g - 4937. Determine q(-416).
55
Let q(s) = -2*s**2 - 3944*s + 148665. Determine q(37).
-1
Let a(m) = -547*m - 16516. Give a(-30).
-106
Let j(g) = 197*g + 13849. Give j(-67).
650
Let i(g) = -51*g**2 + 6765*g + 2386. What is i(133)?
-8
Let f(c) = -449*c + 19336. Calculate f(44).
-420
Let o(y) = 4*y**2 + 15*y + 99. Give o(-27).
2610
Let a(v) = 2*v**2 + 6390*v - 537432. Determine a(82).
-4
Let u(c) = 139*c - 965. What is u(28)?
2927
Let l(r) = -48*r**2 + 9*r + 211. Calculate l(3).
-194
Let a(h) = -h**2 - 14516*h - 1154863. Calculate a(-80).
17
Let i(m) = 11*m**2 + 235*m + 1375. Calculate i(-7).
269
Let k(b) = 258*b + 3573. Give k(-16).
-555
Let u(j) = -859854*j + 12897808. Determine u(15).
-2
Let i(m) = 11636*m - 23. What is i(0)?
-23
Let g(b) = -294*b**2 - 6783*b - 495. Give g(-23).
-12
Let p(u) = u**3 - 359*u**2 + 1155*u - 285332. What is p(358)?
-6
Let a(p) = p**2 - 11697*p - 105372. Give a(-9).
-18
Let r(o) = 30*o**2 + 2992*o + 43620. Give r(-82).
-4
Let g(a) = -a**3 - 88*a**2 - 11474*a - 1068983. Calculate g(-91).
-6
Let i(w) = 72047*w - 288345. What is i(4)?
-157
Let w(r) = -r**3 - 11*r**2 + 264*r + 3101. Calculate w(-14).
-7
Let m(q) = -12871*q + 26272. Give m(2).
530
Let v(l) = 520*l + 60746. What is v(-116)?
426
Let t(r) = 6*r**3 - 2359*r**2 - 1967*r - 506. Give t(394).
676
Let v(u) = -3*u**3 - 196*u**2 + 1727*u + 13. What is v(8)?
-251
Let x(k) = 357*k**3 + 6*k**2 - 78*k + 71. Determine x(1).
356
Let r(y) = 2*y**3 - 62*y**2 + 178*y + 149. Calculate r(4).
-3
Let l(z) = 4*z**3 - 252*z**2 + 237*z - 15065. What is l(63)?
-134
Let q(y) = 159*y**2 + 650*y + 2. Calculate q(-4).
-54
Let w(y) = 2*y**3 + 15*y**2 - 994*y - 609. Give w(-26).
223
Let n(p) = p**2 - 60*p - 754. Calculate n(59).
-813
Let l(f) = -f**2 - 224*f + 4448. Determine l(-242).
92
Let q(w) = w**3 + 121*w**2 - 853*w + 1208. Give q(-128).
-4296
Let v(d) = 3*d**3 + 539*d**2 - 1717*d + 20681. Give v(-183).
2
Let d(r) = 7*r**3 + 13*r**2 - 33*r - 156. What is d(-8)?
-2644
Let l(z) = 8605*z - 1695183. What is l(197)?
2
Let p(f) = -6*f**2 - 624*f + 21353. Determine p(27).
131
Let x(h) = -7505*h - 60089. Determine x(-8).
-49
Let x(l) = l**3 - 42*l**2 - 1551*l + 65036. Determine x(39).
-16
Let f(l) = -15956*l + 13546. Give f(1).
-2410
Let s(g) = -31*g**3 - 5*g**2 + 3*g - 5. Give s(4).
-2057
Let n(q) = 334*q + 41. Give n(-1).
-293
Let q(z) = 7360*z - 81127. Give q(11).
-167
Let v(o) = -95*o**3 - 31*o**2 + 247*o - 373. Determine v(2).
-763
Let u(w) = 25298*w - 1264856. Give u(50).
44
Let g(i) = i**2 - 596*i - 23308. What is g(-37)?
113
Let y(f) = 27964*f + 699113. Determine y(-25).
13
Let v(h) = 3*h**2 + 305223*h + 610434. Determine v(-2).
0
Let h(q) = -527*q + 4482. Determine h(7).
793
Let m(p) = p**3 - 32*p**2 + 130*p - 3125. Give m(31).
-56
Let d(j) = 2*j**2 + 456*j - 33965. Determine d(59).
-99
Let j(h) = 36*h**3 + 3*h**2 + 46*h + 183. What is j(-5)?
-4472
Let z(c) = -c**3 - 335*c**2 - 1164*c - 55783. What is z(-332)?
-7
Let h(f) = -263935*f - 527867. Give h(-2).
3
Let x(w) = 2*w**2 + 32*w - 796. Give x(-27).
-202
Let b(h) = -26898*h + 860767. Give b(32).
31
Let v(w) = 4*w**3 + 218*w**2 + 375*w + 14253. Calculate v(-54).
-165
Let z(y) = 88*y - 4936. Give z(53).
-272
Let p(r) = -1712*r**3 + 2*r**2 - 31*r - 32. Calculate p(-1).
1713
Let a(f) = 455*f + 3298. Determine a(-5).
1023
Let q(f) = -1576*f - 233339. Give q(-148).
-91
Let x(s) = -12839*s - 4647702. Calculate x(-362).
16
Let x(v) = 3468*v + 17263. Calculate x(-5).
-77
Let k(s) = -s**3 - 172*s**2 - 2790*s + 4986. Calculate k(-20).
-14
Let z(c) = 590*c - 68047. Determine z(115).
-197
Let f(w) = -4743*w**2 - 61653*w + 75. Calculate f(-13).
-3
Let w(z) = 7*z**2 - 1609*z + 1289. Determine w(229).
-85
Let b(p) = -p**2 + 113073*p + 4. Calculate b(0).
4
Let x(y) = -y**3 - 4*y**2 - 3003*y - 24288. Calculate x(-8).
-8
Let v(i) = -13637*i + 259126. What is v(19)?
23
Let n(l) = 2*l**2 - 203*l - 15158. Give n(-50).
-8
Let y(a) = -2*a**3 + 865*a**2 - 64861*a + 4356. Give y(336).
-12
Let a(n) = 1702*n**2 - 56163*n - 84. Calculate a(33).
15
Let r(a) = -a**3 - 37*a**2 - 39492*a - 1019354. Determine r(-26).
2
Let u(o) = o**3 - 34*o**2 + 345*o - 903. Calculate u(4).
-3
Let m(s) = 62*s**2 - 53309*s - 9452. Calculate m(860).
8
Let q(i) = 7434*i + 44610. Give q(-6).
6
Let o(r) = r**3 + 64*r**2 - 241*r + 2043. Give o(-68).
-65
Let a(i) = 30192*i - 150995. Calculate a(5).
-35
Let v(h) = 202376*h + 3440384. Calculate v(-17).
-8
Let t(r) = -16*r**2 - 47*r - 18. What is t(-4)?
-86
Let g(z) = 2*z**3 - 830*z**2 + 196*z - 81364. Calculate g(415).
-24
Let a(f) = 5*f**2 + 1252*f + 2244. Give a(-251).
2997
Let x(d) = -3*d**3 - 169*d**2 - 533*d - 635. What is x(-53)?
-476
Let y(r) = -528*r + 16969. Give y(32).
73
Let h(s) = -8*s**3 - 64*s**2 + 118*s - 422. Calculate h(-10).
-2
Let s(x) = -6*x**3 + 590*x**2 - 189*x - 696. Give s(98).
-10
Let d(s) = -13*s**2 - 29306*s - 29300. What is d(-1)?
-7
Let p(g) = -10443*g + 198533. Determine p(19).
116
Let u(o) = -2*o**3 - 112*o**2 + 98*o - 395. What is u(-57)?
517
Let g(w) = w**3 - 212*w**2 + 1036*w - 298. Give g(207).
-91
Let b(z) = z**3 + 150*z**2 - 567*z - 16739. What is b(-153)?
-215
Let o(c) = 161*c - 1751. Determine o(38).
4367
Let m(d) = 2*d**3 + 140*d**2 - 123*d + 92. Calculate m(-71).
-1257
Let w(c) = 6*c**2 + 632*c - 14561. Give w(20).
479
Let w(s) = 4*s**3 + 156*s**2 + 147*s + 193. Give w(-38).
383
Let u(x) = -3*x**3 + 66*x**2 - 104*x + 36. Calculate u(21).
-825
Let v(j) = 5*j**2 + 9555*j - 66989. Determine v(7).
141
Let i(w) = -80061*w - 1200881. What is i(-15)?
34
Let m(y) = -1995805*y + 19958057. What is m(10)?
7
Let m(b) = 137729*b + 137776. Determine m(-1).
47
Let t(w) = 12*w**3 + 346*w**2 + 2117*w - 77. What is t(-20)?
-17
Let i(g) = -g**2 + 157*g + 2119. Calculate i(170).
-91
Let z(f) = -f**3 - 6*f**2 - 118*f - 639. Give z(-6).
69
Let v(o) = 2*o**2 - 150*o + 2818. Determine v(38).
6
Let j(f) = -16006*f - 624192. Give j(-39).
42
Let s(p) = -49*p + 5605. Calculate s(112).
117
Let r(h) = -10*h**2 + 1476*h - 3686. Determine r(145).
84
Let t(i) = 7072*i - 233397. Calculate t(33).
-21
Let x(z) = -z**2 - 76*z + 2022. Give x(-42).
3450
Let b(p) = -565*p - 249172. What is b(-441)?
-7
Let n(k) = 12*k**2 - 1541*k